{"id":22944,"date":"2022-05-06T12:17:12","date_gmt":"2022-05-06T15:17:12","guid":{"rendered":"https:\/\/oruralcomopaisagem.com.br\/atlas\/?page_id=22944"},"modified":"2023-10-13T17:35:19","modified_gmt":"2023-10-13T20:35:19","slug":"campos-dos-goytacazes","status":"publish","type":"page","link":"https:\/\/oruralcomopaisagem.com.br\/atlas\/costa-doce\/campos-dos-goytacazes\/","title":{"rendered":"Campos dos Goytacazes"},"content":{"rendered":"<section id=\"about\" data-vc-full-width=\"true\" data-vc-full-width-init=\"false\" class=\"vc_row wpb_row vc_row-fluid  vc_custom_1652819960649 wow none vc_row-has-fill pofo-stretch-content pofo-stretch-row-container pofo-row-responsive-69d979c9e5888\"><div class=\"wpb_column vc_column_container vc_col-sm-4 vc_col-xs-12 pofo-column-responsive-69d979c9e58eb\"><div class=\"vc_column-inner \"><div class=\"wpb_wrapper\">[vc_single_image image=&#8221;22813&#8243; img_size=&#8221;full&#8221; css_animation=&#8221;left-to-right&#8221; css=&#8221;.vc_custom_1697229314809{padding-right: 35px !important;}&#8221;]<\/div><\/div><\/div><div class=\"wpb_column vc_column_container vc_col-sm-8  col-xs-mobile-fullwidth\"><div class=\"vc_column-inner \"><div class=\"wpb_wrapper\"><div class=\" vc_custom_1651855482134 last-paragraph-no-margin\" style=\"color: #ffffff;\"><p><span class=\"alt-font text-large width-100 line-height-40 display-table-cell vertical-align-middle\" style=\"font-size: 33px;\">Campos dos Goytacazes<\/span><\/p>\n<\/div>[vc_separator color=&#8221;white&#8221; align=&#8221;align_left&#8221; el_class=&#8221;separator-line-horrizontal-medium-light3&#8243;]<div class=\" vc_custom_1655925994360 last-paragraph-no-margin\" style=\"color: #ffffff;\"><p><a class=\"section-link text-white text-black-hover\" href=\"#texto\">Segundo o IBGE (2021), o munic\u00edpio de Campos dos Goytacazes possui uma popula\u00e7\u00e3o estimada em 514.643 habitantes, em uma \u00e1rea de 4.032,487 km\u00b2, representando o maior munic\u00edpio do estado do Rio de Janeiro em extens\u00e3o territorial. Ainda de acordo com o IBGE, o \u00cdndice de Desenvolvimento Humano \u2013 IDH do munic\u00edpio teve estimativa de 0,716 para o ano de 2010. O munic\u00edpio \u00e9 cortado pelas rodovias federais&#8230;\u00a0[ + ]<\/a><\/p>\n<\/div><\/div><\/div><\/div><\/section><div class=\"vc_row-full-width vc_clearfix\"><\/div><section data-vc-full-width=\"true\" data-vc-full-width-init=\"false\" class=\"vc_row wpb_row vc_row-fluid  vc_custom_1652819995402 wow none vc_row-has-fill pofo-stretch-content pofo-stretch-row-container pofo-row-responsive-69d979c9e59a4\"><div class=\"wpb_column vc_column_container vc_col-sm-12  col-xs-mobile-fullwidth\"><div class=\"vc_column-inner vc_custom_1636927375865\"><div class=\"wpb_wrapper\">[vc_raw_html]JTVCaW5jbHVkZW1lJTIwZmlsZSUzRCUyMiUyRm1hcGFzJTJGY29zdGEtZG9jZSUyRnN2Zy1tYXBhLXJqLWNvc3RhLWRvY2UtY2FtcG9zLWRvcy1nb3l0YWNhemVzLmh0bWwlMjIlNUQ=[\/vc_raw_html]<\/div><\/div><\/div><\/section><div class=\"vc_row-full-width vc_clearfix\"><\/div><section data-vc-full-width=\"true\" data-vc-full-width-init=\"false\" class=\"vc_row wpb_row vc_row-fluid  vc_custom_1636927135699 wow fadeIn pofo-stretch-content pofo-stretch-row-container pofo-row-responsive-69d979c9e5a0b\"><div class=\"wpb_column vc_column_container vc_col-sm-12  col-xs-mobile-fullwidth\"><div class=\"vc_column-inner \"><div class=\"wpb_wrapper\"><div class=\"tab-style2\"><div class=\"row\"><div class=\"col-md-12 col-sm-12\"><ul class=\"nav nav-tabs alt-font text-small display-inherit font-weight-600 text-left text-uppercase\"><li  class=\"active\"><a href=\"#pofotabitem-21652819942-1-57-0\" data-toggle=\"tab\" class=\"\"><span>Alambique Tellura<\/span><\/a><\/li><li ><a href=\"#pofotabitem-21652819942-2-21-1\" data-toggle=\"tab\" class=\"\"><span>Alambique do Leley<\/span><\/a><\/li><\/ul><div class=\"tab-content position-relative overflow-hidden\"><div class=\"tab-pane fade in active\" id=\"pofotabitem-21652819942-1-57-0\"><ul  class=\"portfolio-grid hover-option10 metro-gallery lightbox-portfolio work-3col gutter-medium\"><li class=\"grid-sizer\"><\/li><li class=\"grid-item\"><figure><div class=\"portfolio-img pofo-portfolio-page-background bg-black\"><img loading=\"lazy\" decoding=\"async\" src=\"https:\/\/oruralcomopaisagem.com.br\/atlas\/wp-content\/uploads\/2022\/05\/CD-13-CG-Alambique-Terulla-GJM-SIM-1.jpg\"  alt=\"\" width=\"958\" height=\"1280\" srcset=\"https:\/\/oruralcomopaisagem.com.br\/atlas\/wp-content\/uploads\/2022\/05\/CD-13-CG-Alambique-Terulla-GJM-SIM-1.jpg 958w, https:\/\/oruralcomopaisagem.com.br\/atlas\/wp-content\/uploads\/2022\/05\/CD-13-CG-Alambique-Terulla-GJM-SIM-1-225x300.jpg 225w, https:\/\/oruralcomopaisagem.com.br\/atlas\/wp-content\/uploads\/2022\/05\/CD-13-CG-Alambique-Terulla-GJM-SIM-1-766x1024.jpg 766w, https:\/\/oruralcomopaisagem.com.br\/atlas\/wp-content\/uploads\/2022\/05\/CD-13-CG-Alambique-Terulla-GJM-SIM-1-768x1026.jpg 768w, https:\/\/oruralcomopaisagem.com.br\/atlas\/wp-content\/uploads\/2022\/05\/CD-13-CG-Alambique-Terulla-GJM-SIM-1-577x771.jpg 577w, https:\/\/oruralcomopaisagem.com.br\/atlas\/wp-content\/uploads\/2022\/05\/CD-13-CG-Alambique-Terulla-GJM-SIM-1-120x160.jpg 120w, https:\/\/oruralcomopaisagem.com.br\/atlas\/wp-content\/uploads\/2022\/05\/CD-13-CG-Alambique-Terulla-GJM-SIM-1-81x108.jpg 81w\" sizes=\"(max-width: 958px) 100vw, 958px\" class=\"project-img-gallery\" data-no-retina=\"\" \/><\/div><figcaption><div class=\"portfolio-hover-main text-center\"><div class=\"portfolio-hover-box vertical-align-middle\"><div class=\"portfolio-icon\"><a href=\"https:\/\/oruralcomopaisagem.com.br\/atlas\/wp-content\/uploads\/2022\/05\/CD-13-CG-Alambique-Terulla-GJM-SIM-1.jpg\" class=\"gallery-link\" data-group=\"pofo-lightbox-1\"  title=\"Campos dos Goytacazes &#8211; Tellura Alambique \u2013 Cr\u00e9dito: Negef\/IGEOG-UERJ &#8211; Glaucio Jos\u00e9 Marafon\"><i class=\"ti-zoom-in text-white fa-2x\" aria-hidden=\"true\"><\/i><\/a><\/div><\/div><\/div><\/figcaption><figure><\/li><li class=\"grid-item\"><figure><div class=\"portfolio-img pofo-portfolio-page-background bg-black\"><img loading=\"lazy\" decoding=\"async\" src=\"https:\/\/oruralcomopaisagem.com.br\/atlas\/wp-content\/uploads\/2022\/05\/CD-13-CG-Alambique-Terulla-GJM-SIM-2.jpg\"  alt=\"\" width=\"1280\" height=\"958\" srcset=\"https:\/\/oruralcomopaisagem.com.br\/atlas\/wp-content\/uploads\/2022\/05\/CD-13-CG-Alambique-Terulla-GJM-SIM-2.jpg 1280w, https:\/\/oruralcomopaisagem.com.br\/atlas\/wp-content\/uploads\/2022\/05\/CD-13-CG-Alambique-Terulla-GJM-SIM-2-300x225.jpg 300w, https:\/\/oruralcomopaisagem.com.br\/atlas\/wp-content\/uploads\/2022\/05\/CD-13-CG-Alambique-Terulla-GJM-SIM-2-1024x766.jpg 1024w, https:\/\/oruralcomopaisagem.com.br\/atlas\/wp-content\/uploads\/2022\/05\/CD-13-CG-Alambique-Terulla-GJM-SIM-2-768x575.jpg 768w, https:\/\/oruralcomopaisagem.com.br\/atlas\/wp-content\/uploads\/2022\/05\/CD-13-CG-Alambique-Terulla-GJM-SIM-2-1030x771.jpg 1030w, https:\/\/oruralcomopaisagem.com.br\/atlas\/wp-content\/uploads\/2022\/05\/CD-13-CG-Alambique-Terulla-GJM-SIM-2-120x90.jpg 120w, https:\/\/oruralcomopaisagem.com.br\/atlas\/wp-content\/uploads\/2022\/05\/CD-13-CG-Alambique-Terulla-GJM-SIM-2-81x61.jpg 81w\" sizes=\"(max-width: 1280px) 100vw, 1280px\" class=\"project-img-gallery\" data-no-retina=\"\" \/><\/div><figcaption><div class=\"portfolio-hover-main text-center\"><div class=\"portfolio-hover-box vertical-align-middle\"><div class=\"portfolio-icon\"><a href=\"https:\/\/oruralcomopaisagem.com.br\/atlas\/wp-content\/uploads\/2022\/05\/CD-13-CG-Alambique-Terulla-GJM-SIM-2.jpg\" class=\"gallery-link\" data-group=\"pofo-lightbox-1\"  title=\"Campos dos Goytacazes &#8211; Tellura Alambique \u2013 Cr\u00e9dito: Negef\/IGEOG-UERJ &#8211; Glaucio Jos\u00e9 Marafon\"><i class=\"ti-zoom-in text-white fa-2x\" aria-hidden=\"true\"><\/i><\/a><\/div><\/div><\/div><\/figcaption><figure><\/li><\/ul><\/div><div class=\"tab-pane fade\" id=\"pofotabitem-21652819942-2-21-1\"><ul  class=\"portfolio-grid hover-option10 metro-gallery lightbox-portfolio work-3col gutter-medium\"><li class=\"grid-sizer\"><\/li><li class=\"grid-item\"><figure><div class=\"portfolio-img pofo-portfolio-page-background bg-black\"><img loading=\"lazy\" decoding=\"async\" src=\"https:\/\/oruralcomopaisagem.com.br\/atlas\/wp-content\/uploads\/2022\/05\/CD-14-CG-Alambique-do-Leley-LCOL-SIM.jpg\"  alt=\"\" width=\"1280\" height=\"960\" srcset=\"https:\/\/oruralcomopaisagem.com.br\/atlas\/wp-content\/uploads\/2022\/05\/CD-14-CG-Alambique-do-Leley-LCOL-SIM.jpg 1280w, https:\/\/oruralcomopaisagem.com.br\/atlas\/wp-content\/uploads\/2022\/05\/CD-14-CG-Alambique-do-Leley-LCOL-SIM-300x225.jpg 300w, https:\/\/oruralcomopaisagem.com.br\/atlas\/wp-content\/uploads\/2022\/05\/CD-14-CG-Alambique-do-Leley-LCOL-SIM-1024x768.jpg 1024w, https:\/\/oruralcomopaisagem.com.br\/atlas\/wp-content\/uploads\/2022\/05\/CD-14-CG-Alambique-do-Leley-LCOL-SIM-768x576.jpg 768w, https:\/\/oruralcomopaisagem.com.br\/atlas\/wp-content\/uploads\/2022\/05\/CD-14-CG-Alambique-do-Leley-LCOL-SIM-1028x771.jpg 1028w, https:\/\/oruralcomopaisagem.com.br\/atlas\/wp-content\/uploads\/2022\/05\/CD-14-CG-Alambique-do-Leley-LCOL-SIM-120x90.jpg 120w, https:\/\/oruralcomopaisagem.com.br\/atlas\/wp-content\/uploads\/2022\/05\/CD-14-CG-Alambique-do-Leley-LCOL-SIM-81x61.jpg 81w\" sizes=\"(max-width: 1280px) 100vw, 1280px\" class=\"project-img-gallery\" data-no-retina=\"\" \/><\/div><figcaption><div class=\"portfolio-hover-main text-center\"><div class=\"portfolio-hover-box vertical-align-middle\"><div class=\"portfolio-icon\"><a href=\"https:\/\/oruralcomopaisagem.com.br\/atlas\/wp-content\/uploads\/2022\/05\/CD-14-CG-Alambique-do-Leley-LCOL-SIM.jpg\" class=\"gallery-link\" data-group=\"pofo-lightbox-2\"  title=\"Campos dos Goytacazes &#8211; Alambique do Leley \u2013 Cr\u00e9dito: Negef\/IGEOG-UERJ &#8211; Lu\u00eds Carlos de Oliveira Lopes\"><i class=\"ti-zoom-in text-white fa-2x\" aria-hidden=\"true\"><\/i><\/a><\/div><\/div><\/div><\/figcaption><figure><\/li><li class=\"grid-item\"><figure><div class=\"portfolio-img pofo-portfolio-page-background bg-black\"><img loading=\"lazy\" decoding=\"async\" src=\"https:\/\/oruralcomopaisagem.com.br\/atlas\/wp-content\/uploads\/2022\/05\/CD-14-CG-Alambique-do-Leley-LCOL-SIM-1.jpg\"  alt=\"\" width=\"1280\" height=\"960\" srcset=\"https:\/\/oruralcomopaisagem.com.br\/atlas\/wp-content\/uploads\/2022\/05\/CD-14-CG-Alambique-do-Leley-LCOL-SIM-1.jpg 1280w, https:\/\/oruralcomopaisagem.com.br\/atlas\/wp-content\/uploads\/2022\/05\/CD-14-CG-Alambique-do-Leley-LCOL-SIM-1-300x225.jpg 300w, https:\/\/oruralcomopaisagem.com.br\/atlas\/wp-content\/uploads\/2022\/05\/CD-14-CG-Alambique-do-Leley-LCOL-SIM-1-1024x768.jpg 1024w, https:\/\/oruralcomopaisagem.com.br\/atlas\/wp-content\/uploads\/2022\/05\/CD-14-CG-Alambique-do-Leley-LCOL-SIM-1-768x576.jpg 768w, https:\/\/oruralcomopaisagem.com.br\/atlas\/wp-content\/uploads\/2022\/05\/CD-14-CG-Alambique-do-Leley-LCOL-SIM-1-1028x771.jpg 1028w, https:\/\/oruralcomopaisagem.com.br\/atlas\/wp-content\/uploads\/2022\/05\/CD-14-CG-Alambique-do-Leley-LCOL-SIM-1-120x90.jpg 120w, https:\/\/oruralcomopaisagem.com.br\/atlas\/wp-content\/uploads\/2022\/05\/CD-14-CG-Alambique-do-Leley-LCOL-SIM-1-81x61.jpg 81w\" sizes=\"(max-width: 1280px) 100vw, 1280px\" class=\"project-img-gallery\" data-no-retina=\"\" \/><\/div><figcaption><div class=\"portfolio-hover-main text-center\"><div class=\"portfolio-hover-box vertical-align-middle\"><div class=\"portfolio-icon\"><a href=\"https:\/\/oruralcomopaisagem.com.br\/atlas\/wp-content\/uploads\/2022\/05\/CD-14-CG-Alambique-do-Leley-LCOL-SIM-1.jpg\" class=\"gallery-link\" data-group=\"pofo-lightbox-2\"  title=\"Campos dos Goytacazes &#8211; Alambique do Leley \u2013 Cr\u00e9dito: Negef\/IGEOG-UERJ &#8211; Lu\u00eds Carlos de Oliveira Lopes\"><i class=\"ti-zoom-in text-white fa-2x\" aria-hidden=\"true\"><\/i><\/a><\/div><\/div><\/div><\/figcaption><figure><\/li><li class=\"grid-item\"><figure><div class=\"portfolio-img pofo-portfolio-page-background bg-black\"><img loading=\"lazy\" decoding=\"async\" src=\"https:\/\/oruralcomopaisagem.com.br\/atlas\/wp-content\/uploads\/2022\/05\/CD-14-CG-Alambique-do-Leley-LCOL-SIM-2.jpg\"  alt=\"\" width=\"1280\" height=\"960\" srcset=\"https:\/\/oruralcomopaisagem.com.br\/atlas\/wp-content\/uploads\/2022\/05\/CD-14-CG-Alambique-do-Leley-LCOL-SIM-2.jpg 1280w, https:\/\/oruralcomopaisagem.com.br\/atlas\/wp-content\/uploads\/2022\/05\/CD-14-CG-Alambique-do-Leley-LCOL-SIM-2-300x225.jpg 300w, https:\/\/oruralcomopaisagem.com.br\/atlas\/wp-content\/uploads\/2022\/05\/CD-14-CG-Alambique-do-Leley-LCOL-SIM-2-1024x768.jpg 1024w, https:\/\/oruralcomopaisagem.com.br\/atlas\/wp-content\/uploads\/2022\/05\/CD-14-CG-Alambique-do-Leley-LCOL-SIM-2-768x576.jpg 768w, https:\/\/oruralcomopaisagem.com.br\/atlas\/wp-content\/uploads\/2022\/05\/CD-14-CG-Alambique-do-Leley-LCOL-SIM-2-1028x771.jpg 1028w, https:\/\/oruralcomopaisagem.com.br\/atlas\/wp-content\/uploads\/2022\/05\/CD-14-CG-Alambique-do-Leley-LCOL-SIM-2-120x90.jpg 120w, https:\/\/oruralcomopaisagem.com.br\/atlas\/wp-content\/uploads\/2022\/05\/CD-14-CG-Alambique-do-Leley-LCOL-SIM-2-81x61.jpg 81w\" sizes=\"(max-width: 1280px) 100vw, 1280px\" class=\"project-img-gallery\" data-no-retina=\"\" \/><\/div><figcaption><div class=\"portfolio-hover-main text-center\"><div class=\"portfolio-hover-box vertical-align-middle\"><div class=\"portfolio-icon\"><a href=\"https:\/\/oruralcomopaisagem.com.br\/atlas\/wp-content\/uploads\/2022\/05\/CD-14-CG-Alambique-do-Leley-LCOL-SIM-2.jpg\" class=\"gallery-link\" data-group=\"pofo-lightbox-2\"  title=\"Campos dos Goytacazes &#8211; Alambique do Leley \u2013 Cr\u00e9dito: Negef\/IGEOG-UERJ &#8211; Lu\u00eds Carlos de Oliveira Lopes\"><i class=\"ti-zoom-in text-white fa-2x\" aria-hidden=\"true\"><\/i><\/a><\/div><\/div><\/div><\/figcaption><figure><\/li><\/ul><\/div><\/div><\/div><\/div><\/div><\/div><\/div><\/div><\/section><div class=\"vc_row-full-width vc_clearfix\"><\/div><section id=\"texto\" data-vc-full-width=\"true\" data-vc-full-width-init=\"false\" class=\"vc_row wpb_row vc_row-fluid  vc_custom_1655926067147 vc_row-has-fill pofo-stretch-content pofo-stretch-row-container vc_row-o-content-middle vc_row-flex pofo-row-responsive-69d979c9e6a9f\"><div class=\"wpb_column vc_column_container vc_col-sm-12  col-xs-mobile-fullwidth wow fadeInUp\"><div class=\"vc_column-inner \"><div class=\"wpb_wrapper\">[vc_raw_html]JTNDZGl2JTIwc3R5bGUlM0QlMjItd2Via2l0LWNvbHVtbnMlM0ElMjAzJTIwMzAwcHglM0ItbW96LWNvbHVtbnMlM0ElMjAzJTIwMzAwcHglM0IlMjAlMjBjb2x1bW5zJTNBJTIwMyUyMDMwMHB4JTNCJTIwLXdlYmtpdC1jb2x1bW4tZ2FwJTNBJTIwNGVtJTNCJTIwLW1vei1jb2x1bW4tZ2FwJTNBJTIwNGVtJTNCJTIwY29sdW1uLWdhcCUzQSUyMDRlbSUzQiUyMC13ZWJraXQtY29sdW1uLXJ1bGUlM0ElMjAxcHglMjBkb3R0ZWQlMjAlMjMyYzJjMmMlM0IlMjAtbW96LWNvbHVtbi1ydWxlJTNBJTIwMXB4JTIwZG90dGVkJTIwJTIzMmMyYzJjJTNCJTIwY29sdW1uLXJ1bGUlM0ElMjAxcHglMjBkb3R0ZWQlMjAlMjMyYzJjMmMlM0IlMjIlM0UlMEElMEElM0NzcGFuJTIwY2xhc3MlM0QlMjJ0ZXh0LWV4dHJhLWxhcmdlJTIwbWFyZ2luLTI1cHgtYm90dG9tJTIwZGlzcGxheS1pbmxpbmUtYmxvY2slMjBhbHQtZm9udCUyMGhlYWRpbmctc3R5bGUzJTIwcG9mby1idXR0b24tcmVzcG9uc2l2ZS02MmIyM2E3MTVlNDViJTIwJTIwaGVhZGluZy0xJTIyJTIwJTIwc3R5bGUlM0QlMjJjb2xvciUzQSUyMCUyM2ZmZmZmZiUzQiUyMiUzRUNhbXBvcyUyMGRvcyUyMEdveXRhY2F6ZXMlM0MlMkZzcGFuJTNFJTBBJTBBJTNDZGl2JTIwY2xhc3MlM0QlMjJ2Y19zZXBhcmF0b3IlMjB3cGJfY29udGVudF9lbGVtZW50JTIwdmNfc2VwYXJhdG9yX2FsaWduX2NlbnRlciUyMHZjX3NlcF93aWR0aF8xMDAlMjB2Y19zZXBfcG9zX2FsaWduX2xlZnQlMjB2Y19zZXBhcmF0b3Jfbm9fdGV4dCUyMHZjX2N1c3RvbV8xNjMzNTUyOTQwNTA4JTIwJTIwdmNfY3VzdG9tXzE2MzM1NTI5NDA1MDglMjBzZXBhcmF0b3ItbGluZS1ob3JyaXpvbnRhbC1tZWRpdW0tbGlnaHQzJTIyJTIwJTNFJTNDc3BhbiUyMGNsYXNzJTNEJTIydmNfc2VwX2hvbGRlciUyMHZjX3NlcF9ob2xkZXJfbCUyMiUzRSUzQ3NwYW4lMjAlMjBzdHlsZSUzRCUyMmJvcmRlci1jb2xvciUzQSUyM2U1MzkzNSUzQiUyMiUyMGNsYXNzJTNEJTIydmNfc2VwX2xpbmUlMjIlM0UlM0MlMkZzcGFuJTNFJTNDJTJGc3BhbiUzRSUzQ3NwYW4lMjBjbGFzcyUzRCUyMnZjX3NlcF9ob2xkZXIlMjB2Y19zZXBfaG9sZGVyX3IlMjIlM0UlM0NzcGFuJTIwJTIwc3R5bGUlM0QlMjJib3JkZXItY29sb3IlM0ElMjNlNTM5MzUlM0IlMjIlMjBjbGFzcyUzRCUyMnZjX3NlcF9saW5lJTIyJTNFJTNDJTJGc3BhbiUzRSUzQyUyRnNwYW4lM0UlMEElM0MlMkZkaXYlM0UlMEElMEElM0NwJTIwY2xhc3MlM0QlMjJtYXJnaW4tMjVweC10b3AlMjIlM0VTZWd1bmRvJTIwbyUyMElCR0UlMjAlMjgyMDIxJTI5JTJDJTIwbyUyMG11bmljJUMzJUFEcGlvJTIwZGUlMjBDYW1wb3MlMjBkb3MlMjBHb3l0YWNhemVzJTIwcG9zc3VpJTIwdW1hJTIwcG9wdWxhJUMzJUE3JUMzJUEzbyUyMGVzdGltYWRhJTIwZW0lMjA1MTQuNjQzJTIwaGFiaXRhbnRlcyUyQyUyMGVtJTIwdW1hJTIwJUMzJUExcmVhJTIwZGUlMjA0LjAzMiUyQzQ4NyUyMGttJUMyJUIyJTJDJTIwcmVwcmVzZW50YW5kbyUyMG8lMjBtYWlvciUyMG11bmljJUMzJUFEcGlvJTIwZG8lMjBlc3RhZG8lMjBkbyUyMFJpbyUyMGRlJTIwSmFuZWlybyUyMGVtJTIwZXh0ZW5zJUMzJUEzbyUyMHRlcnJpdG9yaWFsLiUyMEFpbmRhJTIwZGUlMjBhY29yZG8lMjBjb20lMjBvJTIwSUJHRSUyQyUyMG8lMjAlQzMlOERuZGljZSUyMGRlJTIwRGVzZW52b2x2aW1lbnRvJTIwSHVtYW5vJTIwJUUyJTgwJTkzJTIwSURIJTIwZG8lMjBtdW5pYyVDMyVBRHBpbyUyMHRldmUlMjBlc3RpbWF0aXZhJTIwZGUlMjAwJTJDNzE2JTIwcGFyYSUyMG8lMjBhbm8lMjBkZSUyMDIwMTAuJTIwTyUyMG11bmljJUMzJUFEcGlvJTIwJUMzJUE5JTIwY29ydGFkbyUyMHBlbGFzJTIwcm9kb3ZpYXMlMjBmZWRlcmFpcyUyMCUyOEJSLTEwMSUyMGUlMjBCUi0zNTYlMjklMkMlMjBjb25zdGl0dWluZG8lMjB1bSUyMGVudHJvbmNhbWVudG8lMjBlbnRyZSUyMG9zJTIwZXN0YWRvcyUyMGRvJTIwUmlvJTIwZGUlMjBKYW5laXJvJTJDJTIwRXNwJUMzJUFEcml0byUyMFNhbnRvJTIwZSUyME1pbmFzJTIwR2VyYWlzJTIwJTI4UGVyZmlsJTIwQ2FtcG9zJTIwLSUyMGFudSVDMyVBMXJpbyUyQyUyMDIwMTglMjkuJTIwTmVzc2UlMjBzZW50aWRvJTJDJTIwbyUyMG11bmljJUMzJUFEcGlvJTIwaW50ZWdyYSUyMG8lMjBlc2NvcG8lMjBkYSUyMG5vc3NhJTIwcGVzcXVpc2ElMjByZWFmaXJtYW5kbyUyMGElMjBzdWElMjB2b2NhJUMzJUE3JUMzJUEzbyUyMGNhbmF2aWVpcmElMkMlMjBjYXJhY3RlciVDMyVBRHN0aWNhJTIwZGElMjByZWdpJUMzJUEzbyUyQyUyMGNvbSUyMGElMjBwcm9kdSVDMyVBNyVDMyVBM28lMjBkZSUyMGNhY2hhJUMzJUE3YSUyMGUlMjBkZXJpdmFkb3MlMkMlMjBjb21vJTIwbGljb3JlcyUyMGUlMjBibGVuZHMlMkMlMjBxdWUlMjBhbGNhbiVDMyVBN2FtJTIwZ3JhbmRlJTIwcGFydGUlMjBkbyUyMG1lcmNhZG8lMjBlc3RhZHVhbCUyMGUlMjBhdCVDMyVBOSUyMGludGVybmFjaW9uYWwuJTIwQWwlQzMlQTltJTIwZGlzc28lMkMlMjBhcyUyMHByb3ByaWVkYWRlcyUyMHMlQzMlQTNvJTIwYWJlcnRhcyUyMGFvJTIwcCVDMyVCQWJsaWNvJTIwcGFyYSUyMG1haW9yJTIwY29uaGVjaW1lbnRvJTIwc29icmUlMjBhcyUyMGRpZmVyZW50ZXMlMjBldGFwYXMlMjBkZSUyMHByb2R1JUMzJUE3JUMzJUEzbyUyMGRhJTIwY2FjaGElQzMlQTdhLiUzQyUyRnAlM0UlMEElMEElM0NwJTNFRGUlMjBhY29yZG8lMjBjb20lMjBhcyUyMHByaW5jaXBhaXMlMjBkaXNjdXNzJUMzJUI1ZXMlMjBzb2JyZSUyMGElMjByZWdpJUMzJUEzbyUyMGVzdHVkYWRhJTIwZSUyMGFzJTIwYXRpdmlkYWRlcyUyMGVjb24lQzMlQjRtaWNhcyUyMGUlMjBjdWx0dXJhaXMlMjBkZXNlbnZvbHZpZGFzJTIwZW0lMjBzZXUlMjB0ZXJyaXQlQzMlQjNyaW8lMkMlMjBwb2RlbW9zJTIwZWxlbmNhciUyMGRvaXMlMjBvYmpldG9zJTIwZXNwYWNpYWlzJTIwZGUlMjBwb3RlbmNpYWwlMjBhdHJhdGl2byUyMHR1ciVDMyVBRHN0aWNvJTIwbm8lMjBtdW5pYyVDMyVBRHBpbyUyMGRlJTIwQ2FtcG9zJTIwZGUlMjBHb3l0YWNhemVzJTNBJTIwYSUyMFRlbGx1cmElMjBBbGFtYmlxdWUlMjBlJTIwbyUyMEFsYW1iaXF1ZSUyMGRvJTIwTGVsZXkuJTNDJTJGcCUzRSUwQSUwQSUzQ3AlM0VEdWFzJTIwJUMzJUExcmVhcyUyMGRlJTIwcHJvZHUlQzMlQTclQzMlQTNvJTIwZGUlMjBjYW5hLWRlLWElQzMlQTclQzMlQkFjYXIlMjBkZXN0aW5hZGFzJTIwJUMzJUEwJTIwcHJvZHUlQzMlQTclQzMlQTNvJTIwZGUlMjBjYWNoYSVDMyVBN2ElMkMlMjBsaWNvcmVzJTIwZSUyMGJsZW5kcyUyQyUyMHF1ZSUyMHMlQzMlQTNvJTIwY29tZXJjaWFsaXphZG9zJTIwZW0lMjBkaWZlcmVudGVzJTIwJUMzJUExcmVhcyUyMGRvJTIwZXN0YWRvJTIwZG8lMjBSaW8lMjBkZSUyMEphbmVpcm8lMjBlJTIwbm8lMjBleHRlcmlvci4lM0MlMkZwJTNFJTBBJTNDJTJGZGl2JTNF[\/vc_raw_html]<\/div><\/div><\/div><\/section><div class=\"vc_row-full-width vc_clearfix\"><\/div>\n","protected":false},"excerpt":{"rendered":"[vc_single_image image=\"22813\" img_size=\"full\" css_animation=\"left-to-right\" css=\".vc_custom_1697229314809{padding-right: 35px !important;}\"]Campos dos Goytacazes [vc_separator color=\"white\" align=\"align_left\" el_class=\"separator-line-horrizontal-medium-light3\"]Segundo o IBGE (2021), o munic\u00edpio de Campos dos Goytacazes possui uma popula\u00e7\u00e3o estimada em 514.643 habitantes, em uma \u00e1rea de 4.032,487 km\u00b2, representando o maior munic\u00edpio do estado do Rio de Janeiro em extens\u00e3o territorial. Ainda de acordo com o IBGE, o \u00cdndice de Desenvolvimento Humano \u2013 IDH do munic\u00edpio teve estimativa de 0,716 para o ano de 2010. O munic\u00edpio \u00e9 cortado pelas rodovias federais...\u00a0[ + ] [vc_raw_html]JTVCaW5jbHVkZW1lJTIwZmlsZSUzRCUyMiUyRm1hcGFzJTJGY29zdGEtZG9jZSUyRnN2Zy1tYXBhLXJqLWNvc3RhLWRvY2UtY2FtcG9zLWRvcy1nb3l0YWNhemVzLmh0bWwlMjIlNUQ=[\/vc_raw_html]Alambique TelluraAlambique do Leley[vc_raw_html]JTNDZGl2JTIwc3R5bGUlM0QlMjItd2Via2l0LWNvbHVtbnMlM0ElMjAzJTIwMzAwcHglM0ItbW96LWNvbHVtbnMlM0ElMjAzJTIwMzAwcHglM0IlMjAlMjBjb2x1bW5zJTNBJTIwMyUyMDMwMHB4JTNCJTIwLXdlYmtpdC1jb2x1bW4tZ2FwJTNBJTIwNGVtJTNCJTIwLW1vei1jb2x1bW4tZ2FwJTNBJTIwNGVtJTNCJTIwY29sdW1uLWdhcCUzQSUyMDRlbSUzQiUyMC13ZWJraXQtY29sdW1uLXJ1bGUlM0ElMjAxcHglMjBkb3R0ZWQlMjAlMjMyYzJjMmMlM0IlMjAtbW96LWNvbHVtbi1ydWxlJTNBJTIwMXB4JTIwZG90dGVkJTIwJTIzMmMyYzJjJTNCJTIwY29sdW1uLXJ1bGUlM0ElMjAxcHglMjBkb3R0ZWQlMjAlMjMyYzJjMmMlM0IlMjIlM0UlMEElMEElM0NzcGFuJTIwY2xhc3MlM0QlMjJ0ZXh0LWV4dHJhLWxhcmdlJTIwbWFyZ2luLTI1cHgtYm90dG9tJTIwZGlzcGxheS1pbmxpbmUtYmxvY2slMjBhbHQtZm9udCUyMGhlYWRpbmctc3R5bGUzJTIwcG9mby1idXR0b24tcmVzcG9uc2l2ZS02MmIyM2E3MTVlNDViJTIwJTIwaGVhZGluZy0xJTIyJTIwJTIwc3R5bGUlM0QlMjJjb2xvciUzQSUyMCUyM2ZmZmZmZiUzQiUyMiUzRUNhbXBvcyUyMGRvcyUyMEdveXRhY2F6ZXMlM0MlMkZzcGFuJTNFJTBBJTBBJTNDZGl2JTIwY2xhc3MlM0QlMjJ2Y19zZXBhcmF0b3IlMjB3cGJfY29udGVudF9lbGVtZW50JTIwdmNfc2VwYXJhdG9yX2FsaWduX2NlbnRlciUyMHZjX3NlcF93aWR0aF8xMDAlMjB2Y19zZXBfcG9zX2FsaWduX2xlZnQlMjB2Y19zZXBhcmF0b3Jfbm9fdGV4dCUyMHZjX2N1c3RvbV8xNjMzNTUyOTQwNTA4JTIwJTIwdmNfY3VzdG9tXzE2MzM1NTI5NDA1MDglMjBzZXBhcmF0b3ItbGluZS1ob3JyaXpvbnRhbC1tZWRpdW0tbGlnaHQzJTIyJTIwJTNFJTNDc3BhbiUyMGNsYXNzJTNEJTIydmNfc2VwX2hvbGRlciUyMHZjX3NlcF9ob2xkZXJfbCUyMiUzRSUzQ3NwYW4lMjAlMjBzdHlsZSUzRCUyMmJvcmRlci1jb2xvciUzQSUyM2U1MzkzNSUzQiUyMiUyMGNsYXNzJTNEJTIydmNfc2VwX2xpbmUlMjIlM0UlM0MlMkZzcGFuJTNFJTNDJTJGc3BhbiUzRSUzQ3NwYW4lMjBjbGFzcyUzRCUyMnZjX3NlcF9ob2xkZXIlMjB2Y19zZXBfaG9sZGVyX3IlMjIlM0UlM0NzcGFuJTIwJTIwc3R5bGUlM0QlMjJib3JkZXItY29sb3IlM0ElMjNlNTM5MzUlM0IlMjIlMjBjbGFzcyUzRCUyMnZjX3NlcF9saW5lJTIyJTNFJTNDJTJGc3BhbiUzRSUzQyUyRnNwYW4lM0UlMEElM0MlMkZkaXYlM0UlMEElMEElM0NwJTIwY2xhc3MlM0QlMjJtYXJnaW4tMjVweC10b3AlMjIlM0VTZWd1bmRvJTIwbyUyMElCR0UlMjAlMjgyMDIxJTI5JTJDJTIwbyUyMG11bmljJUMzJUFEcGlvJTIwZGUlMjBDYW1wb3MlMjBkb3MlMjBHb3l0YWNhemVzJTIwcG9zc3VpJTIwdW1hJTIwcG9wdWxhJUMzJUE3JUMzJUEzbyUyMGVzdGltYWRhJTIwZW0lMjA1MTQuNjQzJTIwaGFiaXRhbnRlcyUyQyUyMGVtJTIwdW1hJTIwJUMzJUExcmVhJTIwZGUlMjA0LjAzMiUyQzQ4NyUyMGttJUMyJUIyJTJDJTIwcmVwcmVzZW50YW5kbyUyMG8lMjBtYWlvciUyMG11bmljJUMzJUFEcGlvJTIwZG8lMjBlc3RhZG8lMjBkbyUyMFJpbyUyMGRlJTIwSmFuZWlybyUyMGVtJTIwZXh0ZW5zJUMzJUEzbyUyMHRlcnJpdG9yaWFsLiUyMEFpbmRhJTIwZGUlMjBhY29yZG8lMjBjb20lMjBvJTIwSUJHRSUyQyUyMG8lMjAlQzMlOERuZGljZSUyMGRlJTIwRGVzZW52b2x2aW1lbnRvJTIwSHVtYW5vJTIwJUUyJTgwJTkzJTIwSURIJTIwZG8lMjBtdW5pYyVDMyVBRHBpbyUyMHRldmUlMjBlc3RpbWF0aXZhJTIwZGUlMjAwJTJDNzE2JTIwcGFyYSUyMG8lMjBhbm8lMjBkZSUyMDIwMTAuJTIwTyUyMG11bmljJUMzJUFEcGlvJTIwJUMzJUE5JTIwY29ydGFkbyUyMHBlbGFzJTIwcm9kb3ZpYXMlMjBmZWRlcmFpcyUyMCUyOEJSLTEwMSUyMGUlMjBCUi0zNTYlMjklMkMlMjBjb25zdGl0dWluZG8lMjB1bSUyMGVudHJvbmNhbWVudG8lMjBlbnRyZSUyMG9zJTIwZXN0YWRvcyUyMGRvJTIwUmlvJTIwZGUlMjBKYW5laXJvJTJDJTIwRXNwJUMzJUFEcml0byUyMFNhbnRvJTIwZSUyME1pbmFzJTIwR2VyYWlzJTIwJTI4UGVyZmlsJTIwQ2FtcG9zJTIwLSUyMGFudSVDMyVBMXJpbyUyQyUyMDIwMTglMjkuJTIwTmVzc2UlMjBzZW50aWRvJTJDJTIwbyUyMG11bmljJUMzJUFEcGlvJTIwaW50ZWdyYSUyMG8lMjBlc2NvcG8lMjBkYSUyMG5vc3NhJTIwcGVzcXVpc2ElMjByZWFmaXJtYW5kbyUyMGElMjBzdWElMjB2b2NhJUMzJUE3JUMzJUEzbyUyMGNhbmF2aWVpcmElMkMlMjBjYXJhY3RlciVDMyVBRHN0aWNhJTIwZGElMjByZWdpJUMzJUEzbyUyQyUyMGNvbSUyMGElMjBwcm9kdSVDMyVBNyVDMyVBM28lMjBkZSUyMGNhY2hhJUMzJUE3YSUyMGUlMjBkZXJpdmFkb3MlMkMlMjBjb21vJTIwbGljb3JlcyUyMGUlMjBibGVuZHMlMkMlMjBxdWUlMjBhbGNhbiVDMyVBN2FtJTIwZ3JhbmRlJTIwcGFydGUlMjBkbyUyMG1lcmNhZG8lMjBlc3RhZHVhbCUyMGUlMjBhdCVDMyVBOSUyMGludGVybmFjaW9uYWwuJTIwQWwlQzMlQTltJTIwZGlzc28lMkMlMjBhcyUyMHByb3ByaWVkYWRlcyUyMHMlQzMlQTNvJTIwYWJlcnRhcyUyMGFvJTIwcCVDMyVCQWJsaWNvJTIwcGFyYSUyMG1haW9yJTIwY29uaGVjaW1lbnRvJTIwc29icmUlMjBhcyUyMGRpZmVyZW50ZXMlMjBldGFwYXMlMjBkZSUyMHByb2R1JUMzJUE3JUMzJUEzbyUyMGRhJTIwY2FjaGElQzMlQTdhLiUzQyUyRnAlM0UlMEElMEElM0NwJTNFRGUlMjBhY29yZG8lMjBjb20lMjBhcyUyMHByaW5jaXBhaXMlMjBkaXNjdXNzJUMzJUI1ZXMlMjBzb2JyZSUyMGElMjByZWdpJUMzJUEzbyUyMGVzdHVkYWRhJTIwZSUyMGFzJTIwYXRpdmlkYWRlcyUyMGVjb24lQzMlQjRtaWNhcyUyMGUlMjBjdWx0dXJhaXMlMjBkZXNlbnZvbHZpZGFzJTIwZW0lMjBzZXUlMjB0ZXJyaXQlQzMlQjNyaW8lMkMlMjBwb2RlbW9zJTIwZWxlbmNhciUyMGRvaXMlMjBvYmpldG9zJTIwZXNwYWNpYWlzJTIwZGUlMjBwb3RlbmNpYWwlMjBhdHJhdGl2byUyMHR1ciVDMyVBRHN0aWNvJTIwbm8lMjBtdW5pYyVDMyVBRHBpbyUyMGRlJTIwQ2FtcG9zJTIwZGUlMjBHb3l0YWNhemVzJTNBJTIwYSUyMFRlbGx1cmElMjBBbGFtYmlxdWUlMjBlJTIwbyUyMEFsYW1iaXF1ZSUyMGRvJTIwTGVsZXkuJTNDJTJGcCUzRSUwQSUwQSUzQ3AlM0VEdWFzJTIwJUMzJUExcmVhcyUyMGRlJTIwcHJvZHUlQzMlQTclQzMlQTNvJTIwZGUlMjBjYW5hLWRlLWElQzMlQTclQzMlQkFjYXIlMjBkZXN0aW5hZGFzJTIwJUMzJUEwJTIwcHJvZHUlQzMlQTclQzMlQTNvJTIwZGUlMjBjYWNoYSVDMyVBN2ElMkMlMjBsaWNvcmVzJTIwZSUyMGJsZW5kcyUyQyUyMHF1ZSUyMHMlQzMlQTNvJTIwY29tZXJjaWFsaXphZG9zJTIwZW0lMjBkaWZlcmVudGVzJTIwJUMzJUExcmVhcyUyMGRvJTIwZXN0YWRvJTIwZG8lMjBSaW8lMjBkZSUyMEphbmVpcm8lMjBlJTIwbm8lMjBleHRlcmlvci4lM0MlMkZwJTNFJTBBJTNDJTJGZGl2JTNF[\/vc_raw_html]","protected":false},"author":1,"featured_media":0,"parent":22711,"menu_order":0,"comment_status":"closed","ping_status":"closed","template":"","meta":{"inline_featured_image":false,"footnotes":""},"class_list":["post-22944","page","type-page","status-publish","hentry"],"_links":{"self":[{"href":"https:\/\/oruralcomopaisagem.com.br\/atlas\/wp-json\/wp\/v2\/pages\/22944"}],"collection":[{"href":"https:\/\/oruralcomopaisagem.com.br\/atlas\/wp-json\/wp\/v2\/pages"}],"about":[{"href":"https:\/\/oruralcomopaisagem.com.br\/atlas\/wp-json\/wp\/v2\/types\/page"}],"author":[{"embeddable":true,"href":"https:\/\/oruralcomopaisagem.com.br\/atlas\/wp-json\/wp\/v2\/users\/1"}],"replies":[{"embeddable":true,"href":"https:\/\/oruralcomopaisagem.com.br\/atlas\/wp-json\/wp\/v2\/comments?post=22944"}],"version-history":[{"count":1,"href":"https:\/\/oruralcomopaisagem.com.br\/atlas\/wp-json\/wp\/v2\/pages\/22944\/revisions"}],"predecessor-version":[{"id":23011,"href":"https:\/\/oruralcomopaisagem.com.br\/atlas\/wp-json\/wp\/v2\/pages\/22944\/revisions\/23011"}],"up":[{"embeddable":true,"href":"https:\/\/oruralcomopaisagem.com.br\/atlas\/wp-json\/wp\/v2\/pages\/22711"}],"wp:attachment":[{"href":"https:\/\/oruralcomopaisagem.com.br\/atlas\/wp-json\/wp\/v2\/media?parent=22944"}],"curies":[{"name":"wp","href":"https:\/\/api.w.org\/{rel}","templated":true}]}}